{"id":889,"date":"2020-11-15T16:08:28","date_gmt":"2020-11-15T15:08:28","guid":{"rendered":"https:\/\/jessheim.katolsk.no\/?page_id=889"},"modified":"2020-11-15T16:23:56","modified_gmt":"2020-11-15T15:23:56","slug":"vipps","status":"publish","type":"page","link":"https:\/\/jessheim.katolsk.no\/?page_id=889","title":{"rendered":"Vipps"},"content":{"rendered":"<div id=\"content\">\n<p><img loading=\"lazy\" decoding=\"async\" class=\"alignnone size-full wp-image-900\" src=\"https:\/\/jessheim.katolsk.no\/wp-content\/uploads\/2020\/11\/Vipps_App_ikon_RGB-e1542277486860.jpg\" alt=\"\" width=\"100\" height=\"100\" \/><\/p>\n<div class=\"entry-content\">\n<h2>Vi tar n\u00e5 i bruk Vipps som betalingsm\u00e5te i kirken.<\/h2>\n<\/div>\n<\/div>\n<p>&nbsp;<\/p>\n<div id=\"content\">\n<div class=\"entry-content\">Slik gj\u00f8r du:<\/div>\n<div class=\"entry-content\">1 Du m\u00e5 f\u00f8rst \u00e5pne Vipps-appen p\u00e5 din mobil.<\/div>\n<div class=\"entry-content\">2 Klikk s\u00e5 p\u00e5 kj\u00f8p og betal<\/div>\n<div class=\"entry-content\">3 Skriv inn v\u00e5rt Vipps nr <strong>19006<\/strong> eller <strong>St. Gudmund kollekt<\/strong>.<\/div>\n<div class=\"entry-content\">4 Legg inn bel\u00f8p (og en beskjed hvis \u00f8nskelig) og trykk Send.<\/div>\n<div class=\"entry-content\">5 En kvittering kommer opp p\u00e5 mobilskjermen din og m\u00e5 vises frem til den som skal ha betalt<\/div>\n<\/div>\n<p>&nbsp;<\/p>\n<div id=\"content\">\n<div class=\"entry-content\">Har du ikke Vipps? \u00c5 f\u00e5 tilgang tar kun et par minutter!<\/div>\n<div class=\"entry-content\">1 Last ned Vipps fra AppStore eller Google Play.<\/div>\n<div class=\"entry-content\">2 N\u00e5r appen er ferdig nedlastet, klikk p\u00e5 \u00c5pne.<\/div>\n<div class=\"entry-content\">3 Registrer deg ved \u00e5 legge inn navn og kortnummer, og du er klar til \u00e5 ta i bruk Vipps<\/div>\n<\/div>\n","protected":false},"excerpt":{"rendered":"<p>Vi tar n\u00e5 i bruk Vipps som betalingsm\u00e5te i kirken. &nbsp; Slik gj\u00f8r du: 1 Du m\u00e5 f\u00f8rst \u00e5pne Vipps-appen<\/p>\n","protected":false},"author":2,"featured_media":0,"parent":0,"menu_order":0,"comment_status":"closed","ping_status":"closed","template":"","meta":{"colormag_page_container_layout":"default_layout","colormag_page_sidebar_layout":"default_layout","ngg_post_thumbnail":0,"footnotes":""},"class_list":["post-889","page","type-page","status-publish","hentry"],"_links":{"self":[{"href":"https:\/\/jessheim.katolsk.no\/index.php?rest_route=\/wp\/v2\/pages\/889","targetHints":{"allow":["GET"]}}],"collection":[{"href":"https:\/\/jessheim.katolsk.no\/index.php?rest_route=\/wp\/v2\/pages"}],"about":[{"href":"https:\/\/jessheim.katolsk.no\/index.php?rest_route=\/wp\/v2\/types\/page"}],"author":[{"embeddable":true,"href":"https:\/\/jessheim.katolsk.no\/index.php?rest_route=\/wp\/v2\/users\/2"}],"replies":[{"embeddable":true,"href":"https:\/\/jessheim.katolsk.no\/index.php?rest_route=%2Fwp%2Fv2%2Fcomments&post=889"}],"version-history":[{"count":7,"href":"https:\/\/jessheim.katolsk.no\/index.php?rest_route=\/wp\/v2\/pages\/889\/revisions"}],"predecessor-version":[{"id":901,"href":"https:\/\/jessheim.katolsk.no\/index.php?rest_route=\/wp\/v2\/pages\/889\/revisions\/901"}],"wp:attachment":[{"href":"https:\/\/jessheim.katolsk.no\/index.php?rest_route=%2Fwp%2Fv2%2Fmedia&parent=889"}],"curies":[{"name":"wp","href":"https:\/\/api.w.org\/{rel}","templated":true}]}}