{"id":690,"date":"2020-11-15T00:34:47","date_gmt":"2020-11-14T23:34:47","guid":{"rendered":"https:\/\/jessheim.katolsk.no\/?page_id=690"},"modified":"2020-12-08T15:55:39","modified_gmt":"2020-12-08T14:55:39","slug":"om-menigheten-test","status":"publish","type":"page","link":"https:\/\/jessheim.katolsk.no\/?page_id=690","title":{"rendered":"Om menigheten"},"content":{"rendered":"<h2>Menighetens historie<\/h2>\n<p>Menigheten ble opprettet f\u00f8rste s\u00f8ndag i advent 2007 og omfatter de seks kommunene p\u00e5 \u00d8vre Romerike: Gjerdrum, Ullensaker, Nes, Eidsvoll, Nannestad og Hurdal.<\/p>\n<p>\u200bI tiden frem til julen 2015 holdt menigheten seg til i en paviljong satt sammen av brakker p\u00e5 Holmsletta. L\u00f8rdag 4. juni 2016 kl.12:00 ble nye St. Gudmund kirke konsekrert og innviet av biskop Bernt Eidsvig Can. Reg.<\/p>\n<h2>Om St. Gudmund<\/h2>\n<p><img loading=\"lazy\" decoding=\"async\" class=\"size-medium wp-image-84 alignleft\" src=\"https:\/\/jessheim.katolsk.no\/wp-content\/uploads\/2020\/11\/BishopGudmundurArason-103x300.jpg\" alt=\"\" width=\"103\" height=\"300\" srcset=\"https:\/\/jessheim.katolsk.no\/wp-content\/uploads\/2020\/11\/BishopGudmundurArason-103x300.jpg 103w, https:\/\/jessheim.katolsk.no\/wp-content\/uploads\/2020\/11\/BishopGudmundurArason.jpg 197w\" sizes=\"auto, (max-width: 103px) 100vw, 103px\" \/>Gudmund Arason ble f\u00f8dt i 1161 p\u00e5 Island. Han var f\u00f8dt av god slekt, men utenfor ekteskap. If\u00f8lge Snorre Sturlason, var Gudmund s\u00f8nn av Are Thorgeirson som falt i kamp for den norske jarlen Erling Skakke p\u00e5 S\u00f8rum i Romerika i 1167. Gudmund var da bare seks \u00e5r, og han vokste opp uten far. Han ble presteviet i 1185. Han fikk rykte som en from og gudfryktig mann og en som gjorde mirakler. Gudmund ble biskop p\u00e5 Island i 1201 og ble bispeviet i Norge 13. april 1203. Han prekte om fattigdommens salighet og mente at Kirken var blitt ledet p\u00e5 villspor i sin streben etter rikdom. Da Gudmund kom i konflikt med de rike og mektige, m\u00e5tte han flykte fra Island og s\u00f8kte asyl hos erkebiskopen av Trondheim. Han tilbrakte minst \u00e5tte \u00e5r i Norge og d\u00f8de i 1237. P\u00e5 Gardermoen var det reist et kapell viet til den Hellige Gudmund. I 1732 brant kapellet ned.<\/p>\n<p>Valg av St. Gudmund som menighetens vernehelgen ivaretar vi en katolsk tradisjon og samtidig gjenreiser det nedbrente kapellets \u00e6re.<\/p>\n<h2>St. Gudmund kirke<\/h2>\n<p><img loading=\"lazy\" decoding=\"async\" class=\"wp-image-346 aligncenter\" src=\"https:\/\/jessheim.katolsk.no\/wp-content\/uploads\/2020\/11\/IMG_20170126_155838-01-01-1024x768.jpeg\" alt=\"\" width=\"479\" height=\"359\" srcset=\"https:\/\/jessheim.katolsk.no\/wp-content\/uploads\/2020\/11\/IMG_20170126_155838-01-01-1024x768.jpeg 1024w, https:\/\/jessheim.katolsk.no\/wp-content\/uploads\/2020\/11\/IMG_20170126_155838-01-01-300x225.jpeg 300w, https:\/\/jessheim.katolsk.no\/wp-content\/uploads\/2020\/11\/IMG_20170126_155838-01-01-768x576.jpeg 768w, https:\/\/jessheim.katolsk.no\/wp-content\/uploads\/2020\/11\/IMG_20170126_155838-01-01-1536x1152.jpeg 1536w, https:\/\/jessheim.katolsk.no\/wp-content\/uploads\/2020\/11\/IMG_20170126_155838-01-01-2048x1536.jpeg 2048w\" sizes=\"auto, (max-width: 479px) 100vw, 479px\" \/>Kirkebyggets utvendig er dekket med gr\u00e5hvit tegl og innvendig med malte gipsplater. Mye treverk er blitt inkorporert i kirkens arkitektur for \u00e5 gi dens utseende en varmere fargetone. Kirkekoret der alteret st\u00e5r er orientert mot \u00f8st. St. Gudmund kirke har p\u00e5 en unik m\u00e5te integrert med antikke\/gamle glassmalerier, korsveibilder og statuer i moderne arkitektur av hl. Maria, hl. Josef, hl. Gudmund, hl. Antonio osv.<\/p>\n<p>Inne i kirkerommet er det totalt 450 sitteplasser, hvorav 370 i skipet og 80 p\u00e5 galleriet, dog ikke medregnet kor og musikere. St. Gudmund kirke kan omtales som en meget familie- og barnevennlig kirke. Det fins et ammerom ved siden av v\u00e5penhuset som fysisk sett befinner seg utenfor kirkerommet. Dessuten er det et tilh\u00f8rende barnerom bak i kirken med et atskilt glassvegg vendt inn mot kirkerom beregnet for de sm\u00e5, hvor de audiovisuelt kan delta i messen. Kirkebygget innehar to sakristier: et hovedsakristi og et blomstersakristi.<\/p>\n<p>Hvis man g\u00e5r til h\u00f8yre etter \u00e5 ha entret hovedinngangen vil man finne menighetskontor, to prestekontorer og et m\u00f8terom. Det er tilsammen seks mellomstore rom: 3 i overetasjen og 3 i underetasjen som benyttes til katekese og m\u00f8teaktivitet. Dessuten er det et tilbygg som huser leiligheter til prester og gjester.<\/p>\n<p>Rett under kirkerommet er det en like stor menighetssal med et tilknyttet kj\u00f8kken som kanskje kan karakteriseres som et \u00abprofessjonelt kj\u00f8kken\u00bb, tatt i betraktning de kj\u00f8kkenutstyr som tidligere hadde v\u00e6rt brukt i en utenbys restaurant.<\/p>\n<h2>Byggingen St. Gudmund kirke<\/h2>\n<p><iframe loading=\"lazy\" title=\"Katolsk kirke i Jessheim\" width=\"800\" height=\"450\" src=\"https:\/\/www.youtube.com\/embed\/7Z-hUxDcFSs?feature=oembed\" frameborder=\"0\" allow=\"accelerometer; autoplay; clipboard-write; encrypted-media; gyroscope; picture-in-picture; web-share\" referrerpolicy=\"strict-origin-when-cross-origin\" allowfullscreen><\/iframe><\/p>\n<h2>Innvielse av St. Gudmund kirke<\/h2>\n<p><iframe loading=\"lazy\" title=\"Fra innvielsen av St. Gudmund kirke p\u00e5 Jessheim 4. juni 2016\" width=\"800\" height=\"450\" src=\"https:\/\/www.youtube.com\/embed\/0jL6nhbZNkY?feature=oembed\" frameborder=\"0\" allow=\"accelerometer; autoplay; clipboard-write; encrypted-media; gyroscope; picture-in-picture; web-share\" referrerpolicy=\"strict-origin-when-cross-origin\" allowfullscreen><\/iframe><\/p>\n<p class=\"note\">Kilder:<br \/>\nEgeberg, Tore Dominicus. 2008.&nbsp;Broen&nbsp;1\/2008<br \/>\nKatolsk.no. 15.10.09. &laquo;St. Gudmund menighet,&nbsp;\u00d8vre Romerike&raquo;. 15.06.17. http:\/\/www.katolsk.no\/organisasjon\/okb\/Jessheim\/broenserie<\/p>\n","protected":false},"excerpt":{"rendered":"<p>Menighetens historie Menigheten ble opprettet f\u00f8rste s\u00f8ndag i advent 2007 og omfatter de seks kommunene p\u00e5 \u00d8vre Romerike: Gjerdrum, Ullensaker,<\/p>\n","protected":false},"author":2,"featured_media":0,"parent":0,"menu_order":0,"comment_status":"closed","ping_status":"open","template":"","meta":{"colormag_page_container_layout":"default_layout","colormag_page_sidebar_layout":"default_layout","ngg_post_thumbnail":0,"footnotes":""},"class_list":["post-690","page","type-page","status-publish","hentry"],"_links":{"self":[{"href":"https:\/\/jessheim.katolsk.no\/index.php?rest_route=\/wp\/v2\/pages\/690","targetHints":{"allow":["GET"]}}],"collection":[{"href":"https:\/\/jessheim.katolsk.no\/index.php?rest_route=\/wp\/v2\/pages"}],"about":[{"href":"https:\/\/jessheim.katolsk.no\/index.php?rest_route=\/wp\/v2\/types\/page"}],"author":[{"embeddable":true,"href":"https:\/\/jessheim.katolsk.no\/index.php?rest_route=\/wp\/v2\/users\/2"}],"replies":[{"embeddable":true,"href":"https:\/\/jessheim.katolsk.no\/index.php?rest_route=%2Fwp%2Fv2%2Fcomments&post=690"}],"version-history":[{"count":18,"href":"https:\/\/jessheim.katolsk.no\/index.php?rest_route=\/wp\/v2\/pages\/690\/revisions"}],"predecessor-version":[{"id":3722,"href":"https:\/\/jessheim.katolsk.no\/index.php?rest_route=\/wp\/v2\/pages\/690\/revisions\/3722"}],"wp:attachment":[{"href":"https:\/\/jessheim.katolsk.no\/index.php?rest_route=%2Fwp%2Fv2%2Fmedia&parent=690"}],"curies":[{"name":"wp","href":"https:\/\/api.w.org\/{rel}","templated":true}]}}