{"id":3102,"date":"2020-11-30T14:01:54","date_gmt":"2020-11-30T13:01:54","guid":{"rendered":"https:\/\/jessheim.katolsk.no\/?page_id=3102"},"modified":"2025-09-18T11:02:51","modified_gmt":"2025-09-18T09:02:51","slug":"9-klasse-info-og-pamelding","status":"publish","type":"page","link":"https:\/\/jessheim.katolsk.no\/?page_id=3102","title":{"rendered":"Katekese: 8. og 9. klasse: info"},"content":{"rendered":"<p><img loading=\"lazy\" decoding=\"async\" class=\"size-medium wp-image-47 alignright\" src=\"https:\/\/jessheim.katolsk.no\/wp-content\/uploads\/2020\/11\/sacrament-of-confirmation-clipart-confirmation-clipart-832_784-300x283.gif\" alt=\"\" width=\"300\" height=\"283\" srcset=\"https:\/\/jessheim.katolsk.no\/wp-content\/uploads\/2020\/11\/sacrament-of-confirmation-clipart-confirmation-clipart-832_784-300x283.gif 300w, https:\/\/jessheim.katolsk.no\/wp-content\/uploads\/2020\/11\/sacrament-of-confirmation-clipart-confirmation-clipart-832_784-768x724.gif 768w\" sizes=\"auto, (max-width: 300px) 100vw, 300px\" \/><strong>Forberedelsen til konfirmasjon<\/strong><\/p>\n<p><strong>Forberedelsen til konfirmasjon strekker seg over to \u00e5r. <\/strong>Forberedelsen starter i 8. klasse og ungdommene mottar fermingens sakrament i 9. klasse.<br \/>\n\u200b<br \/>\n<strong>D\u00c5PSATTEST<\/strong><br \/>\n<strong>Obligatorisk!<\/strong> Vi trenger kopi av d\u00e5psattest og f\u00f8rstekommunionsattest. Send eller lever den til menighetskontoret eller jessheim@katolsk.no Hvis dere har levert d\u00e5psattesten f\u00f8r, trenger dere ikke \u00e5 levere p\u00e5 nytt.<\/p>\n<p>&nbsp;<\/p>\n<p><img loading=\"lazy\" decoding=\"async\" class=\"alignnone size-full wp-image-15617\" src=\"https:\/\/jessheim.katolsk.no\/wp-content\/uploads\/2025\/09\/Skjermbilde-2025-09-18-110233.png\" alt=\"\" width=\"648\" height=\"369\" srcset=\"https:\/\/jessheim.katolsk.no\/wp-content\/uploads\/2025\/09\/Skjermbilde-2025-09-18-110233.png 648w, https:\/\/jessheim.katolsk.no\/wp-content\/uploads\/2025\/09\/Skjermbilde-2025-09-18-110233-300x171.png 300w\" sizes=\"auto, (max-width: 648px) 100vw, 648px\" \/><\/p>\n<p>\u200b<\/p>\n<p>&nbsp;<\/p>\n<p>&nbsp;<\/p>\n<p>&nbsp;<\/p>\n","protected":false},"excerpt":{"rendered":"<p>Forberedelsen til konfirmasjon Forberedelsen til konfirmasjon strekker seg over to \u00e5r. Forberedelsen starter i 8. klasse og ungdommene mottar fermingens<\/p>\n","protected":false},"author":2,"featured_media":0,"parent":0,"menu_order":0,"comment_status":"closed","ping_status":"closed","template":"","meta":{"colormag_page_container_layout":"default_layout","colormag_page_sidebar_layout":"default_layout","ngg_post_thumbnail":0,"footnotes":""},"class_list":["post-3102","page","type-page","status-publish","hentry"],"_links":{"self":[{"href":"https:\/\/jessheim.katolsk.no\/index.php?rest_route=\/wp\/v2\/pages\/3102","targetHints":{"allow":["GET"]}}],"collection":[{"href":"https:\/\/jessheim.katolsk.no\/index.php?rest_route=\/wp\/v2\/pages"}],"about":[{"href":"https:\/\/jessheim.katolsk.no\/index.php?rest_route=\/wp\/v2\/types\/page"}],"author":[{"embeddable":true,"href":"https:\/\/jessheim.katolsk.no\/index.php?rest_route=\/wp\/v2\/users\/2"}],"replies":[{"embeddable":true,"href":"https:\/\/jessheim.katolsk.no\/index.php?rest_route=%2Fwp%2Fv2%2Fcomments&post=3102"}],"version-history":[{"count":39,"href":"https:\/\/jessheim.katolsk.no\/index.php?rest_route=\/wp\/v2\/pages\/3102\/revisions"}],"predecessor-version":[{"id":15618,"href":"https:\/\/jessheim.katolsk.no\/index.php?rest_route=\/wp\/v2\/pages\/3102\/revisions\/15618"}],"wp:attachment":[{"href":"https:\/\/jessheim.katolsk.no\/index.php?rest_route=%2Fwp%2Fv2%2Fmedia&parent=3102"}],"curies":[{"name":"wp","href":"https:\/\/api.w.org\/{rel}","templated":true}]}}

<p><img loading="lazy" decoding="async" class="size-medium wp-image-47 alignright" src="https://jessheim.katolsk.no/wp-content/uploads/2020/11/sacrament-of-confirmation-clipart-confirmation-clipart-832_784-300x283.gif" alt="" width="300" height="283" srcset="https://jessheim.katolsk.no/wp-content/uploads/2020/11/sacrament-of-confirmation-clipart-confirmation-clipart-832_784-300x283.gif 300w, https://jessheim.katolsk.no/wp-content/uploads/2020/11/sacrament-of-confirmation-clipart-confirmation-clipart-832_784-768x724.gif 768w" sizes="auto, (max-width: 300px) 100vw, 300px" /><strong>Forberedelsen til konfirmasjon</strong></p>
<p><strong>Forberedelsen til konfirmasjon strekker seg over to år. </strong>Forberedelsen starter i 8. klasse og ungdommene mottar fermingens sakrament i 9. klasse.<br />
​<br />
<strong>DÅPSATTEST</strong><br />
<strong>Obligatorisk!</strong> Vi trenger kopi av dåpsattest og førstekommunionsattest. Send eller lever den til menighetskontoret eller jessheim@katolsk.no Hvis dere har levert dåpsattesten før, trenger dere ikke å levere på nytt.</p>
<p>&nbsp;</p>
<p><img loading="lazy" decoding="async" class="alignnone size-full wp-image-15617" src="https://jessheim.katolsk.no/wp-content/uploads/2025/09/Skjermbilde-2025-09-18-110233.png" alt="" width="648" height="369" srcset="https://jessheim.katolsk.no/wp-content/uploads/2025/09/Skjermbilde-2025-09-18-110233.png 648w, https://jessheim.katolsk.no/wp-content/uploads/2025/09/Skjermbilde-2025-09-18-110233-300x171.png 300w" sizes="auto, (max-width: 648px) 100vw, 648px" /></p>
<p>​</p>
<p>&nbsp;</p>
<p>&nbsp;</p>
<p>&nbsp;</p>

<p>Forberedelsen til konfirmasjon Forberedelsen til konfirmasjon strekker seg over to år. Forberedelsen starter i 8. klasse og ungdommene mottar fermingens</p>
